f p?
5, 7
Suppose -3*h - a + 23 = 3, -32 = -5*h - a. Suppose 0 = -217*s + 218*s - 45. Suppose h*y - s = y + j, 4*y + j = 27. List the prime factors of y.
2
Let v = -8 - -49. Suppose 2*n = v + 19. What are the prime factors of n?
2, 3, 5
List the prime factors of 3 + 2 - (3 + -605).
607
Let y = 0 - -7. Let g(t) = -13*t + 117. Let x(i) = -4*i + 39. Let c(u) = y*x(u) - 2*g(u). What are the prime factors of c(0)?
3, 13
Let s be (-1820)/(-2) + 2 + (-60)/(-15). Suppose -2*b = -5*o + 1436, -5*b + s - 359 = 2*o. List the prime factors of o.
2, 11, 13
Suppose 4*r - 8 = 2*r + 4*w, -2 = w. Suppose 0 = 2*j + 4*h - 188, -4*j + 3*h - h + 326 = r. List the prime factors of j.
2, 3, 7
Let a(b) = -b**2 + 166. Suppose r + 5 = 0, -4*w + 0*w - 4*r = 20. What are the prime factors of a(w)?
2, 83
Let w be (6 - 2)*(-2 + 1). Let r = w - 28. Let i = -13 - r. List the prime factors of i.
19
Let s(l) = 14*l - 3. Let m be s(-4). Let h(z) = -z**3 + 2*z**2 - 3*z + 17. Let w be h(4). Let o = w - m. What are the prime factors of o?
2
Let g be 4/(-30) - 1585/(-75). Suppose -5*q = -596 + g. List the prime factors of q.
5, 23
Let x be 270/36 - -2*(-1)/4. Suppose x*m = 9*m - 466. What are the prime factors of m?
233
Let c(y) = 3*y**2 + 1. Let q be c(1). Let g be 13/26 - (-14)/q. Let v(t) = t**3 - t**2 - 5*t + 6. What are the prime factors of v(g)?
2, 17
Let y = 4370 - 3060. List the prime factors of y.
2, 5, 131
Suppose -1 = 2*p + 7. Let l be (-50)/6 + p/6. What are the prime factors of l/6 - 17/(-2)?
7
Suppose -4*d - 2249 = 2*l - 7*l, -4*d + 1343 = 3*l. What are the prime factors of l?
449
Let g(w) = 7*w - 5. Let x(d) = 5*d - 30. Let p be x(7). What are the prime factors of g(p)?
2, 3, 5
Let v(g) = 2*g + 5. Let m(c) = c + 11. Let x be m(7). Let h be x/4 - 8/(-16). List the prime factors of v(h).
3, 5
Let x = 43 + -21. Let j = -80 - -82. Suppose 5*q + x = 4*v - v, -j*v + 6 = q. List the prime factors of v.
2
Let s be 21/7 + 2 + -14. Let t(d) = -7*d + 11. List the prime factors of t(s).
2, 37
Suppose -w - 4*f = -138, -2*w + 146 = -w + 2*f. Suppose -4*q + 5*b = -263, -w = -2*q - 2*b - 0*b. What are the prime factors of q?
2, 3
Suppose 125*o = 149*o - 49512. What are the prime factors of o?
2063
Let h = 359 - -333. What are the prime factors of h?
2, 173
Suppose -5*n + 5*x + 195 = 0, -12 - 18 = -n + 4*x. Suppose -7 = -h + n. List the prime factors of h.
7
Let f be -1 + (-116 - (2 - -1)). Let k be 598/(-8) + (-3)/12. Let r = k - f. What are the prime factors of r?
3, 5
Suppose 0 = 2*a - 4*d + 16, -3*d + d + 2 = -4*a. Suppose r - a = -1. Suppose i = r - 2, 132 = 4*w - 4*i. What are the prime factors of w?
2
Let w = -800 + 1725. List the prime factors of w.
5, 37
Suppose 0 = 4*z - 3*s - s - 20, -3*z = -4*s - 17. Suppose -398 = -z*c + 2*j, 5*c - j - 2*j = 664. What are the prime factors of c?
2, 67
Let k = 3 + -1. Suppose 57 = 3*u + 3*t, -2*t = u - 14 - 6. Suppose -10 = -2*z + k*i - 3*i, 4*z + 3*i - u = 0. What are the prime factors of z?
2, 3
Suppose 0 = 4*o - 4*f - 4, o - 5*f = 3*o - 23. Suppose 6 = -4*s + 22. Suppose j - o = s. What are the prime factors of j?
2
Suppose -5*y = -2*g - 21, 4*y = -3*g + 3*y + 11. Suppose g*h + 21 = 57. Let a = 20 - h. What are the prime factors of a?
2
Let a be (-1 - -3) + -1 + (-1 - -3). Suppose a*w = 6*w - 45. List the prime factors of w.
3, 5
Let u be 1*(752/6 - (-6)/9). Suppose -c - 2*y = -u, 0*c + 2*c - 276 = 4*y. What are the prime factors of c?
2, 3, 11
List the prime factors of 8/(-12) - 18814/(-6).
3, 5, 11, 19
Suppose -5*m = -36 + 66. List the prime factors of 28632/144 + (-1)/m.
199
Let b(u) = -u**3 + 13*u**2 - 6*u + 9. Let l be b(7). Suppose 0 = 5*r - 14 - l. List the prime factors of r.
5, 11
Let r = -26 + 29. Suppose 0 = -y - r*y + 152. List the prime factors of y.
2, 19
Suppose 3*t - 2*h = -289, 5*t + 56 = -h - 417. Let c = t + 280. Let z = c + -123. List the prime factors of z.
2, 31
Let s(j) = -2*j + 6. Let o be s(7). Let w = 12 + o. Let m = 21 + w. List the prime factors of m.
5
Suppose 4*x = -2*o + 22, -34 = -x - 3*x + 2*o. Suppose k = x*k. Suppose -4*t + 3*g - g + 30 = k, 2*t + g = 21. List the prime factors of t.
3
Let i(t) = -5*t**2 - 18*t + 6. Let o(u) = -14*u**2 - 53*u + 17. Let w(v) = 17*i(v) - 6*o(v). Let k = 0 - -10. List the prime factors of w(k).
2, 5
Suppose 21 + 9 = 6*l. Suppose 376 + 29 = l*t. List the prime factors of t.
3
What are the prime factors of -2 - (-1 - -478)/(3/(-3))?
5, 19
Let n(z) be the third derivative of z**5/60 - z**4/24 + 4*z**3/3 + z**2. Let d be n(0). Let a = 12 - d. What are the prime factors of a?
2
Suppose 2*w + 5*u - 92 = 0, 145 + 43 = 5*w + 2*u. What are the prime factors of 6/(w/1317) - (-2)/(-4)?
3, 73
Let o = 48 + -50. List the prime factors of (-130)/o*(-15 - -16).
5, 13
Suppose -14*z + 80 = -88. Suppose z*a - 100 = 10*a + i, 4*a = -5*i + 186. List the prime factors of a.
7
Let m = 1430 - 133. List the prime factors of m.
1297
Suppose 3*c = -2*x + 1385, -c + 76 = x - 615. List the prime factors of x.
2, 43
Let l(c) = c**3 - 18*c**2 + 20*c - 31. Suppose 31 = 3*f + 4*t, 27 = 2*f - t - 12. List the prime factors of l(f).
2, 5
Suppose 2*r - 22 = u + 11, 27 = 2*r + 5*u. Suppose -j = -76 - r. List the prime factors of j.
2, 23
Let m = 64 - 62. Suppose -m*c + 4*b = -178, 5*b - 9 = 2*b. What are the prime factors of c?
5, 19
Suppose 3*x - 5 = 4*t - 5*t, -5*t - 17 = x. Suppose -3*u + 12 = 3*a, 6 = x*u - 2*a + 4. Let w(z) = 7*z**2 - 3*z - 2. What are the prime factors of w(u)?
2, 5
Let t(a) = -25 + 6 + 10*a - 7*a**2 - a + 8*a**2. List the prime factors of t(8).
3, 13
Suppose -p - 2*h + 6*h + 365 = 0, 4*h - 706 = -2*p. What are the prime factors of p?
3, 7, 17
Let x = 81 + 32. List the prime factors of x.
113
Suppose 5*w - 4 = u, 7 = w + w + 5*u. List the prime factors of 1 - w - (17*-12 - 6).
2, 3, 5, 7
Let b be (0/(-2))/(8 + -10). Let s be b*-1*(-1)/(-3). Suppose 5*l = r + 1, 3*l - 15 = -s. List the prime factors of r.
2, 3
Let z(o) = 2*o**2 - 30 - 5*o + 17 + 19. What are the prime factors of z(5)?
31
Let z = 18 + -14. Let h be z*(5/2)/5. Suppose -k - 46 = -h*k. List the prime factors of k.
2, 23
Let x(a) = 2*a + 29. Let i be x(-13). Suppose 3*l - 267 = r + 442, i*r = -2*l + 458. List the prime factors of l.
5, 47
Suppose -o = 5*n - 7, 3*o + 33 = 5*n - 2*n. Let v = o + 14. What are the prime factors of (-144)/30*(-20)/v?
2
Suppose -68*y + j + 2338 = -65*y, -4*j - 2323 = -3*y. List the prime factors of y.
11, 71
Let a = 100 + -95. Suppose -a*z + 10*z = 1710. What are the prime factors of z?
2, 3, 19
Suppose 5*d - b - 2048 = 309, -4*b = 2*d - 934. What are the prime factors of d?
3, 157
Let p(b) = 5*b**2 - 19*b - 102. What are the prime factors of p(16)?
2, 19, 23
Suppose -2*c = -g + 4*g - 641, 0 = -2*c - g + 651. Let p = c + -214. Suppose -p = -2*v - 2*h, v - 4*h + 108 = 3*v. What are the prime factors of v?
2, 3, 5
Suppose 4*n - 6 - 6 = 0. Suppose -4*x + 22 = -2*l, 0 = -3*x - 2*l - 4 + 10. Suppose 4*p - 2*p + 121 = 3*f, -n*f + 127 = x*p. List the prime factors of f.
41
Let u(g) be the third derivative of -2*g**2 - 1/2*g**3 + 1/20*g**5 + 0 + 11/24*g**4 + 0*g. List the prime factors of u(-5).
17
Suppose 0 = 4*k + 2*o + 8, -5*o + 32 = -3*k - 0*k. Let b(h) = -h**2 - 4*h - 1. Let n be b(k). What are the prime factors of -2*2/n*1?
2
Let v(u) = 6 + 2*u**2 - 7*u - 23 - u**2 - 3*u. Let p be v(13). Let l = 66 - p. What are the prime factors of l?
2, 11
What are the prime factors of 594 - (-13)/((-39)/(-18))?
2, 3, 5
Let y(n) = -26 - 4*n + 2*n**2 + 31 + 0*n**2 - n**2. What are the prime factors of y(7)?
2, 13
Let z(f) = -309*f**3 + f**2 - 5*f - 5. List the prime factors of z(-1).
2, 5, 31
Suppose 0 = -11*n + 704 + 539. What are the prime factors of (-1*n)/(-10 - -9)?
113
Let z = 140 + -52. Suppose 87*x = z*x - 193. What are the prime factors of x?
193
What are the prime factors of (55790/42)/((-5)/(-6))?
2, 797
Let q(d) = d**3 + 15*d**2 + 8*d - 12. Let g be q(-12). Suppose 3*j = 3*p - g, 2*j + 380 - 57 = 3*p. What are the prime factors of p?
107
Let o = -14 - -12. Let i = 13 - o. What are the prime factors of i?
3, 5
Let d(p) = 152*p**3 + p**2 - 6*p + 6. List the prime factors of d(1).
3, 17
Let h(j) = 10*j + 20. Let i(b) = 1. Let f(v) = h(v) - 5*i(v). What are the prime factors of f(15)?
3, 5, 11
Let c(n)